o(v) = 46*v + 13. Let x(f) = -f**2 - 2*f + 2. Let j be x(-2). Let a(p) = j*l(p) + 3*o(p). List the prime factors of a(5).
5, 47
What are the prime factors of (-2)/8*-2678*(0 + 44) - 6?
2, 37, 199
Let r(x) = 9*x**3 - x**2 + 14*x - 203. What are the prime factors of r(13)?
19583
Let k(f) = -90*f - 118. Suppose s + 6 = -3*c - 0*c, -2*s - 12 = 5*c. List the prime factors of k(s).
2, 211
Suppose 0 = -4*x + 20, 0 = 2*s + 4*x - 3*x - 945. Suppose 5*t - 71 = -g, 5*g - 2*t - s + 7 = 0. List the prime factors of g.
7, 13
Suppose 3*l = 4*c - 120068, -9*l = c - 13*l - 30004. What are the prime factors of c?
2, 5, 19, 79
Suppose 5*c - 32670 - 28200 = 0. List the prime factors of c.
2, 3, 2029
Let y(r) = -636*r - 17. Let a be y(10). Let f be a/(-49) - (-1)/(-7). Suppose 224 = 3*b - 5*l, 4*l + f = 5*b - 239. List the prime factors of b.
73
Let d(x) = -x**3 - 7*x**2 + x + 8. Let v be d(-7). List the prime factors of 6 - (v + 332*-6).
1997
Suppose 379*z + 13*z - 13*z - 9108507 = 0. What are the prime factors of z?
3, 8011
Suppose -16 = -4*i, 0*i - i = 3*u - 262. Let s = 42 - 39. Suppose -x = -n - u, s*x + 162 = 5*x - 4*n. What are the prime factors of x?
7, 13
Let d(v) = 9*v**2 + 12. Let a be d(5). Let y = -368 - -210. Let x = y + a. What are the prime factors of x?
79
What are the prime factors of 8/(-208) - 606249/(-182)?
3331
Suppose 590 = 2*d + 5*m, 0*d + 588 = 2*d + 4*m. Let f = -498 + d. What are the prime factors of (-8144)/f - (-2 + (-56)/(-26))?
3, 13
Let y = 14016 + 40515. List the prime factors of y.
3, 73, 83
Let i(r) = -r**3 - 3*r**2 - 2*r - 8. Let n be i(-3). Let t(d) = 0*d - 8*d + 9 - 30 - 6*d. List the prime factors of t(n).
7
Suppose -17*d + 13325 = -12718 - 45782. What are the prime factors of d?
5, 13
Suppose -5*f + 65395 - 17570 = 0. Suppose 5*v + p = -f, 5*p + 3660 + 3971 = -4*v. What are the prime factors of v/(-12) + (-1)/(-2)?
2, 5
Let r be ((-2)/10)/(18/(-180)). Suppose o = 3, a - 168 = r*o + 97. List the prime factors of a.
271
Suppose -4 = -2*j - 2*w + 8, -2*w = 5*j - 18. Let o be ((-18)/27)/(j + (-742)/372). Let d = -83 - o. List the prime factors of d.
41
Suppose 15*n - 61516 = 3*n + 5*n. List the prime factors of n.
2, 13
Suppose 2104 - 593 = 9*a - 2863. Let n = -165 + -173. Let j = n + a. What are the prime factors of j?
2, 37
Suppose 13138 = 25*w - 1337. List the prime factors of w.
3, 193
Suppose 7490 + 740 = h + 3*k, 12 = -3*k. List the prime factors of h.
2, 13, 317
Suppose 23*r = 26*r - 3*k - 1581, 517 = r - 3*k. Suppose -137*q + r = -133*q. List the prime factors of q.
7, 19
Suppose 171*v - 2551509 - 4159995 = -1788927. What are the prime factors of v?
11, 2617
Suppose 5*o = 7*b - 8*b + 9117, o - 1833 = -5*b. List the prime factors of o.
1823
Let d = 106 - 80. Suppose 0 = -z + d - 23. List the prime factors of (-88 + -1)*((-8)/2 + z).
89
Let y be (252/54)/(2/3). What are the prime factors of (y - 1 - 5)*41?
41
Suppose -6*a - 465 + 21 = 0. Let b = 74 + a. Suppose 0 = -2*s + 6 - b. List the prime factors of s.
3
Let s(c) = 15 + 710*c**3 - c**2 - 15 + 3*c**2 - c. Let k be s(1). List the prime factors of (-1)/3 - k/(-27).
2, 13
Suppose 2*b - 10 = -3*i, 2*b + 2*i - 13 = 1. Suppose -14*r + 45 = -b. List the prime factors of r.
2
Suppose -34*o + 106271 = -7*o - 32455. List the prime factors of o.
2, 7, 367
Let i be (-20)/(12/(-3)) + 0. What are the prime factors of -3*(-5142)/(-18)*i/(-5)?
857
Suppose 99*i = 123*i - 35424. List the prime factors of i.
2, 3, 41
Let c be (30/(-9))/((-4)/18). Let o be ((-10)/(-25))/(3/c). List the prime factors of o + 2 + -5 - -110.
109
Let z = 36728 + 10351. What are the prime factors of z?
3, 5231
Suppose 9*k + k - 1280 = 0. Let m = -8 + k. What are the prime factors of m?
2, 3, 5
Let r(j) = -j - 5. Let x be r(-8). Suppose -5*m = -x*l + 592, 4*m = l + 2*l - 587. Let n = l + -108. List the prime factors of n.
3
Let p be -2 + -2 + 620 + 0. Suppose -4*w + 3*c - 4 = 0, -13*w - c = -14*w - 2. Suppose -2*t = -5*u + p, -4*u + 504 = w*t + 2*t. What are the prime factors of u?
2, 31
Let u(s) = -s**3 + 8*s**2 - 9*s + 16. Let w be u(7). Suppose 12*h + w*h = 4872. List the prime factors of h.
2, 3, 29
List the prime factors of ((2 - 4508)*(-21)/(-105))/((-4)/10).
3, 751
Suppose -m - 2*m = -3*c + 645, 0 = c + 1. Suppose 0 = -8*k + 631 - 151. What are the prime factors of m/k*50/(-4)?
3, 5
Let r be 3/(-7 - 120/(-18)). What are the prime factors of r*(-5 + 215/(-15))?
2, 3, 29
Let c be (-6)/4*(-80)/15. Suppose -116*d - 49*d = -90090. Suppose -5*y - d = -c*y. What are the prime factors of y?
2, 7, 13
Let n(c) = 1439*c**2 + 102*c - 308. What are the prime factors of n(3)?
23, 563
Let w(q) = 17848*q**2 - 4*q - 3. List the prime factors of w(-1).
13, 1373
Suppose -7 = -3*s - 13. Let v(g) = -4*g**2 + 2*g + 4. Let p be v(s). Let u(f) = f**2 + 13*f + 37. What are the prime factors of u(p)?
5, 17
Let k(f) = 27*f - 33. Let p be k(1). Suppose m - 4*m - 5*b + 75 = 0, 0 = -5*m - 4*b + 112. What are the prime factors of (0 - 4/p)*5310/m?
3, 59
Let x = -1386 + 3588. Suppose 11*s - 3738 = x. Suppose 3*k - s = 78. List the prime factors of k.
2, 103
Let d = 29565 + -578. What are the prime factors of d?
7, 41, 101
Let x(s) = s**3 + 8*s**2 + 7*s + 58. Let g be x(-8). Suppose -h + 3 = 0, g*p - 4*p + 1683 = 5*h. What are the prime factors of p?
2, 3, 139
Let r(u) = 15*u**2 - 19*u - 88. Let z be r(-6). Let x = 954 + z. What are the prime factors of x?
2, 5, 19
Let m(o) = -2*o**2 - 9*o + 38. Let l be m(-6). Let a(d) = 12*d - 141. What are the prime factors of a(l)?
3, 11
Let d(x) = -15*x - 4. Let f(s) = 31*s + 9. Let z(i) = -11*d(i) - 6*f(i). Let j be z(5). What are the prime factors of ((-6)/5)/(2/j)?
3, 23
Suppose -43 = -4*i - 35. Suppose -i*t = -t - 468. What are the prime factors of t?
2, 3, 13
Let w be (12/14)/(12/42). Suppose 18*d + w*d - 336 = 0. What are the prime factors of d?
2
Let s = -28231 + 45727. What are the prime factors of s?
2, 3
Suppose -7555 = 2*p - 7*p - 5*i, 3036 = 2*p - 5*i. What are the prime factors of (p/(-51))/(2/(-6))?
89
Let q = 227 + -225. Suppose 0 = q*z - 324 - 468. What are the prime factors of z?
2, 3, 11
Let m = 83091 + -49382. List the prime factors of m.
13, 2593
Suppose 0 = -8*u + 3*u + 10, 250 = 4*c + u. Let p = 536 + c. List the prime factors of p.
2, 13, 23
Suppose 0 = y - 30*b + 34*b - 3110, 4*b = -2*y + 6216. List the prime factors of y.
2, 1553
Let r(j) = -8*j**3 + 3*j**2 + 22*j - 6. What are the prime factors of r(-6)?
2, 3, 283
Let c(n) = 818*n**2 - 21*n - 97. What are the prime factors of c(-5)?
2, 53, 193
Suppose -13*w + 46*w - 231 = 0. Suppose -16*r = -w*r - 6939. List the prime factors of r.
3, 257
Let u(r) = -129*r - 469. What are the prime factors of u(-47)?
2, 2797
Let m(z) = -110*z**3 + 3*z + 26. List the prime factors of m(-3).
29, 103
Suppose 0 = 5*g + g + 144. Let w be (-3 - g/3) + 835. Suppose -x + 694 = 3*x - 2*d, 0 = -5*x - 3*d + w. List the prime factors of x.
3, 19
Suppose -3*b = -4*s + b + 520, -b - 5 = 0. Let z = s - 37. Let m = -27 + z. What are the prime factors of m?
61
Let m = 619 + -614. Suppose -m*y + 5850 = 5*l, -y = -2*l - l - 1178. List the prime factors of y.
2, 293
Let w be (4 + -6)/(3/(-24)*-2). Let p(j) = -j**3 - 5*j**2 - 9*j - 15. What are the prime factors of p(w)?
3, 83
Let n be 7*6/(-36)*-6. Suppose 0 = w - 4 - 1, 0 = 4*j - 2*w - 6. Suppose j*x + n = -o + 63, -4*o - 14 = -x. List the prime factors of x.
2, 7
Let c = -1123 - -1664. Suppose c = -3*m + 2*m - h, 3*m - h + 1631 = 0. Let u = -290 - m. List the prime factors of u.
11, 23
Suppose 227*y - 337*y + 1394030 = 0. What are the prime factors of y?
19, 23, 29
Suppose 4*i - 2*f - 57 = i, 0 = -5*f. Let a = i - 6. Suppose 2*c + 3*j - a - 90 = 0, -c = -4*j - 46. List the prime factors of c.
2, 5
Suppose 0 = 8*c + 50 + 62. What are the prime factors of (-1)/1*1281/c*2?
3, 61
Suppose -6791 = 2*t - 3*n - 18843, 0 = -5*t + n + 30130. What are the prime factors of t?
2, 23, 131
List the prime factors of 10/45 - (-1344439)/279.
61, 79
Let o(i) = 2*i**3 + 16*i**2 - 5*i - 32. Let x be o(-8). Let l(v) = v**3 - v**2 - 2*v + 29. What are the prime factors of l(x)?
461
Let f = 10 + 22. Suppose -d - f = -315. List the prime factors of d.
283
Suppose 3*j - 7*j + 4 = 0. Suppose 0 = k + 428 + j. Let s = 640 + k. List